 in base 2?
-100000101011111000
What is -132030022 (base 4) in base 9?
-207557
Convert 352176 (base 10) to base 7.
2664516
What is -502700 (base 9) in base 2?
-1001000100100110110
What is -72813 (base 10) in base 12?
-36179
2299 (base 12) to base 8
7425
Convert 22021251 (base 7) to base 11.
107a258
Convert -2774 (base 13) to base 6.
-42132
What is 56533 (base 10) in base 7?
323551
What is 26104 (base 16) in base 12?
76284
-1804675 (base 10) to base 13
-4b2572
Convert 563403 (base 7) to base 12.
49819
Convert 85a705 (base 14) to base 11.
260a623
-3425648 (base 9) to base 6
-103334412
Convert 12113154 (base 6) to base 3.
201110102121
What is 7072022 (base 8) in base 16?
1c7412
-1eda5 (base 15) to base 2
-11000101001011011
Convert -111101111100100110 (base 2) to base 10.
-253734
-3031ab (base 13) to base 15
-17213a
Convert 303220200 (base 4) to base 10.
211488
What is -41650265 (base 8) in base 5?
-4232234041
What is -1462374 (base 10) in base 8?
-5450146
3797561 (base 11) to base 15
8a0b4d
Convert 5543663 (base 8) to base 16.
16c7b3
-dcd70e (base 15) to base 12
-363691b
What is 15130451 (base 8) in base 9?
6442836
What is 10222001102 (base 3) in base 10?
78041
29ca86 (base 14) to base 2
101100011100100001110
124496 (base 11) to base 5
22234441
Convert 2b8633 (base 16) to base 5.
1212234103
14a3b4 (base 13) to base 3
221211001210
What is 11112241 (base 6) in base 13?
ba040
Convert 1001000001011111101011 (base 2) to base 6.
122411003
Convert -11043245 (base 6) to base 11.
-207916
What is 20133102130 (base 4) in base 3?
11012001112211
40324231 (base 5) to base 2
1001111000001101011
-5824540 (base 9) to base 16
-30015c
What is -41433533 (base 6) in base 11?
-751297
What is -2a945a (base 13) in base 14?
-1d4288
-2631416 (base 9) to base 6
-50453023
c18c3 (base 14) to base 8
1615103
Convert 2101120110102 (base 3) to base 10.
1270982
What is -368464 (base 9) in base 3?
-102022112011
What is 1002450 (base 6) in base 14?
1331c
What is 142634 (base 10) in base 11?
98188
Convert 33707 (base 9) to base 6.
251524
Convert -836373 (base 9) to base 16.
-79476
-c3a9d (base 14) to base 9
-787472
What is 524212 (base 7) in base 5?
10342231
-21102222210222 (base 3) to base 12
-13a952b
-76b9d (base 16) to base 7
-4063534
What is 480aa0 (base 11) in base 16?
ba31c
-311321124 (base 5) to base 8
-4674776
Convert -1111010010101001001 (base 2) to base 8.
-1722511
-423665 (base 10) to base 11
-26a340
Convert 14231141 (base 5) to base 7.
1160113
Convert -b2c23 (base 16) to base 5.
-141412240
-101011001000101001100010 (base 2) to base 13
-245baca
-101248 (base 9) to base 16
-ea50
What is 24390 (base 14) in base 6?
1521454
-14138a5 (base 11) to base 16
-25299a
What is 116896 (base 11) in base 2?
101101000110101111
Convert 2031167 (base 9) to base 6.
35115524
527736 (base 11) to base 3
1120220202200
What is -a1767 (base 14) in base 10?
-388367
What is 2020201010011 (base 3) in base 11?
746838
What is 10045171 (base 8) in base 2?
1000000100101001111001
Convert 66014624 (base 7) to base 3.
101122010001002
What is -2b5213 (base 16) in base 14?
-53c8dd
What is -62717717 (base 8) in base 7?
-221266613
Convert 10536b8 (base 13) to base 16.
4bf2da
-3c038 (base 13) to base 12
-54a52
What is -30514500 (base 6) in base 4?
-3113012010
-bd208c (base 14) to base 4
-120133221130
Convert 14244210 (base 5) to base 12.
72922
189922 (base 11) to base 4
1013013013
-1010020020 (base 4) to base 14
-739a0
-ba911 (base 15) to base 8
-2205432
What is -36368 (base 11) in base 7?
-305420
What is -101200212202110 (base 3) in base 10?
-5686023
Convert -3667068 (base 9) to base 6.
-110415312
Convert 110001100101111111 (base 2) to base 4.
301211333
What is 1120203023 (base 4) in base 12?
155a8b
-20101011212 (base 3) to base 8
-365117
Convert -2640c6 (base 16) to base 6.
-125422130
2236175 (base 8) to base 15
be53e
bfb03f (base 16) to base 6
1125131411
Convert 493c72 (base 13) to base 14.
338149
What is 1101111100011101110 (base 2) in base 6?
13443250
Convert 48a60 (base 11) to base 14.
1b98c
What is 11246635 (base 7) in base 5?
223034123
Convert 11607 (base 11) to base 3.
211220201
Convert -2721025 (base 10) to base 6.
-134153201
Convert 885889 (base 11) to base 9.
2583554
Convert -33b538 (base 12) to base 6.
-25431312
Convert 5141123 (base 6) to base 3.
110112010220
Convert -3323660 (base 7) to base 12.
-178bbb
aa258 (base 16) to base 15
db765
What is -1001021112020022 (base 3) in base 7?
-241511612
What is -100122102121 (base 4) in base 3?
-22002120012111
-359822 (base 12) to base 3
-1122001011122
What is 10010010001001111010 (base 2) in base 13?
17c640
What is 10000010001000101 (base 2) in base 5?
4113004
Convert 42a09 (base 13) to base 5.
12322322
ac8b7 (base 13) to base 12
1314b0
-1707141 (base 9) to base 15
-13b73a
What is -1443341 (base 6) in base 5?
-10134400
Convert 41a4c4 (base 13) to base 2.
101110111001000011011
111112211012 (base 3) to base 5
32013214
2661756 (base 8) to base 13
201a05
What is 13b63 (base 15) in base 8?
173526
1404142 (base 5) to base 14
a640
-16bb8 (base 13) to base 11
-2a966
-2175287 (base 9) to base 11
-730392
Convert -2200004 (base 11) to base 16.
-3afa8c
Convert -7352574 (base 9) to base 14.
-744d0d
-dc148 (base 14) to base 2
-10000010000001110100
What is -1691df (base 16) in base 15?
-1e33e0
Convert 304043101 (base 5) to base 8.
4560434
What is aeda1b (base 16) in base 9?
23504832
-30133013 (base 4) to base 6
-1032435
What is -1269189 (base 13) in base 14?
-a9d5cc
-4687493 (base 10) to base 4
-101320122011
What is 905118 (base 10) in base 4?
3130332132
Convert -1a169 (base 12) to base 3.
-1221110100
Convert -147068 (base 10) to base 5.
-14201233
Convert 1b7d0 (base 14) to base 8.
211012
What is -63553551 (base 7) in base 9?
-11126736
-4331044 (base 8) to base 3
-2011220211110
-1010111111110010100 (base 2) to base 6
-11420124
Convert -14242323 (base 5) to base 2.
-100100100011010001
869cb (base 15) to base 3
210201101002
What is -152b5 (base 16) in base 8?
-251265
-e0635 (base 15) to base 7
-6015260
Convert -589820 (base 10) to base 7.
-5004410
Convert 3947232 (base 10) to base 14.
74a6d2
1530000 (base 6) to base 12
43900
Convert 1202205 (base 7) to base 16.
251f4
Convert b7446a (base 12) to base 15.
3c13d4
2212120102101 (base 3) to base 9
2776371
What is -50524511 (base 8) in base 16?
-a2a949
24012145 (base 6) to base 5
142421124
What is 1233220123 (base 4) in base 12?
1a0737
What is 10000010111111011011 (base 2) in base 11?
337123
Convert -31322300 (base 4) to base 16.
-deb0
What is 152201014 (base 6) in base 10?
3188386
Convert 2556a0a (base 11) to base 8.
20715704
What is -1356461 (base 10) in base 6?
-45023525
What is -845575 (base 15) in base 14?
-b9c466
Convert 2b534 (base 12) to base 4.
32330320
What is 31cdc0 (base 15) in base 11?
1380427
Convert -1001010100100100011101 (base 2) to base 9.
-4533824
15461733 (base 8) to base 13
97a59b
Convert 52d8d (base 15) to base 16.
40315
e95c8 (base 15) to base 11
466336
Convert -15026303 (base 7) to base 3.
-2200002020002
What is -5167576 (base 8) in base 15?
-1c17da
What is 224422043 (base 5) in base 12?
40a99b
-164503 (base 8) to base 6
-1140243
1525151 (base 6) to base 2
10101110010111011
Convert -6130001 (base 10) to base 9.
-12472702
10000001011000100 (base 2) to base 11
45852
What is -101110001010011100 (base 2) in base 4?
-232022130
What is -140222 (base 10) in base 12?
-69192
What is 126968d (base 14) in base 16?
8737ed
32157862 (base 9) to base 6
1312231002
What is 1777b (base 14) in base 5?
3342410
5a026a (base 11) to base 4
3220122233
What is 122093 (base 11) in base 13?
69b78
Convert 562733 (base 12) to base 2.
101001111001110010111
What is 123023330212 (base 4) in base 7?
114401623
1002202220 (base 4) to base 3
111211212112
What is -369d09 (base 15) in base 16?
-27e790
-839522 (base 11) to base 13
-38122b
Convert -813044 (base 11) to base 13.
-369c35
What is 522351 (base 6) in base 13?
161a1
What is -144352145 (base 6) in base 3?
-12200020120102
What is 1421344241 (base 5) in base 8?
16072352
-533806 (base 9) to base 5
-40132034
-101001001011101 (base 2) to base 9
-31827
What is 27641033 (base 8) in base 16?
5f421b
Convert -bf5ea1 (base 16) to base 13.
-27a1687
What is 30d734 (base 14) in base 9?
3085127
C